uppose -a - a = -b*l + 99, -9 = -3*a. What is the remainder when l is divided by 11?
10
Let p(j) = j**3 - 5*j + 2. Let o = 41 + -15. What is the remainder when o is divided by p(3)?
12
Calculate the remainder when 772/10 - 6/(-30)*-1 is divided by 26.
25
Let q(i) = -9*i - 14. Let j(g) = 2*g + 3. Let s(f) = -11*j(f) - 2*q(f). Suppose -5*z + 10 = 45. Calculate the remainder when s(z) is divided by 8.
7
Suppose -5*u + 2*y = -21, 3*u - y - 19 = -3*y. Calculate the remainder when (-10)/4*160/(-50) is divided by u.
3
Let b(u) be the third derivative of -1/24*u**4 - 2*u**2 - 1/3*u**3 + 0*u + 1/30*u**5 + 0. Calculate the remainder when b(-4) is divided by 12.
10
Let b(u) = u**2 + 5*u + 4. Suppose 3*j - 2 = 4. What is the remainder when (18*-1)/(1 - j) is divided by b(-6)?
8
Suppose 0*m = 2*m - 4. Suppose 0 = 3*w - 1 - m. Calculate the remainder when w is divided by 1.
0
Calculate the remainder when 137 is divided by ((-1668)/30)/(-2) + 2/10.
25
Suppose -4*z - 5*y + 12 + 5 = 0, 3*z - 33 = 3*y. Let s = z + 22. Calculate the remainder when s is divided by 8.
6
Let w(h) = 17*h. What is the remainder when w(2) is divided by 19?
15
Let a = 19 - 5. Suppose -a = -5*c + 116. Calculate the remainder when 102 is divided by c.
24
Suppose -q + 3*q - 74 = 0. What is the remainder when q is divided by 10?
7
Suppose 0 = 5*z + 5*t - 35, 3*t + 3 - 16 = -z. Let q(n) = -n**3 + 3*n**2 + 6*n - 3. Let u = 18 + -10. What is the remainder when u is divided by q(z)?
3
Let o = -15 + 13. Suppose 3*h = 2*d + 5*h, 0 = 5*d + 2*h - 9. Calculate the remainder when o - (128/(-2) + d) is divided by 15.
14
Let k(o) = 2*o + 1. Let f be k(2). Suppose -6*b - 3*y - 1 = -b, 5*b + 5*y = -f. What is the remainder when b is divided by (-1)/(-3)*9/3?
0
Let p(j) = -1 + 2 + 20*j - 3. Calculate the remainder when 34 is divided by p(1).
16
Let r(q) = q**3 - 9*q**2 + 6. Suppose 27 = 5*l - 2*l. Let n(z) = -z**3 - 5*z**2 - 4*z - 3. What is the remainder when n(-5) is divided by r(l)?
5
Let x(y) = -y + 33. Calculate the remainder when x(0) is divided by -5*-17*(-4)/(-20).
16
Let i be 2/(-9) + 10/45. Suppose 2*c - 43 = -3*a, i = 2*a - c + 6*c - 14. What is the remainder when 33 is divided by a?
16
Suppose 3*y + 4*x + 20 = 0, -2*y - 10 = 2*x - 0. Suppose y = 2*u + u + 12, -3*u = 4*w - 140. Calculate the remainder when w is divided by 20.
18
Let l(m) = m**3 - 4*m**2 + 5. What is the remainder when l(5) is divided by 2/(-3)*24/(-2)?
6
Let o(i) be the second derivative of -i**5/20 + 2*i**4/3 - i**3 - 2*i**2 + 3*i. Let v be o(7). Let s = v + 11. What is the remainder when s is divided by 4?
2
Let u be 8*(1 + 1)/(-4). Let r(g) = g**3 + 4*g**2 - 4*g. What is the remainder when ((-69)/(-4))/((-12)/(-32)) is divided by r(u)?
14
Suppose -7*f + 40 = -2*f. Calculate the remainder when 2 + 4/f*38 is divided by 11.
10
Suppose y = -2*z + 3*y + 46, 4*z + 4*y = 60. Let l = z + -10. What is the remainder when 15 is divided by l?
6
Suppose 2*t - 5*b = -25, 3*b - 6*b = -15. Suppose a + 4*c - 3*c - 29 = t, c + 133 = 5*a. Let r = 32 - 18. What is the remainder when a is divided by r?
13
Let g(u) = u**3 + 7*u**2 + 5*u - 5. Let j be g(-6). Calculate the remainder when (6 + (j - 0))*2 is divided by 8.
6
Suppose 4*v = 2*v + 6. Let j(p) = 25*p + 2. Let u be j(1). Suppose 3*g - u = -4*a, 7*a - 5*g + 10 = 2*a. What is the remainder when v is divided by a?
0
Let w = 18 - -29. What is the remainder when w is divided by 8?
7
Suppose 15 = 3*v - 3*b, 3*v + 4*b - 20 = -v. Suppose -m = -v*m + 64. What is the remainder when 46 is divided by m?
14
Let d be (-8)/(0 + -2) + 2. Suppose 5*x - 4*m = 124, 4*m = d + 10. What is the remainder when x is divided by 10?
8
Let j(s) = -s**3 + 20*s**2 + 44*s + 9. Calculate the remainder when 78 is divided by j(22).
6
Let p(c) = -c**3 + 9*c**2 - 5*c - 15. Calculate the remainder when p(7) is divided by 15.
3
Let d = -132 + 217. Let n(u) = -u**3 - 4*u**2 + u + 2. What is the remainder when d is divided by n(-5)?
19
Calculate the remainder when 2 is divided by (1 + 0)/(11/22).
0
Let y(x) = -2*x**2 + 12*x - 14. Let d(r) = -r**2 + 6*r - 7. Let c(g) = -7*d(g) + 3*y(g). Calculate the remainder when c(6) is divided by 3.
1
Let t = -1 + 4. Suppose -20 = -t*u - u. Let j(a) = a + 1. Calculate the remainder when j(8) is divided by u.
4
Suppose -m = -41 - 23. What is the remainder when m is divided by 17?
13
Calculate the remainder when (-2)/10 + (-3916)/(-55) is divided by 18.
17
Suppose -2*v + 6 + 6 = 0. Suppose 3 = -k + v. Let h = 0 - -2. Calculate the remainder when k is divided by h.
1
Let u = 10 + -6. Suppose 46 = 5*n + 1. Calculate the remainder when n is divided by u.
1
Let g(u) = -19*u + 1. Suppose 0 = -2*o + 5 - 3. What is the remainder when g(-1) is divided by 4 - (-6 + (o - -2))?
6
Suppose -5*h - 76 = -4*l + 44, -4*l + 160 = 5*h. Suppose 2*c + l = 3*c. What is the remainder when c is divided by 9?
8
Let o = 28 + -278. Let j = 44 + -28. Calculate the remainder when 1/(-4) + o/(-8) is divided by j.
15
Let b = 19 - 18. Suppose -5*l + 2*l - 3 = -t, -3*t + 9 = 3*l. Calculate the remainder when 21 is divided by 34/t - b/3.
10
Suppose 0 = 5*q - 0*q - 20. Suppose 5*a - 29 = -3*z, 0 = q*z + 4*a - 2*a - 34. Calculate the remainder when 14 is divided by z.
6
Suppose -2*f - 11 = -3*f. What is the remainder when 4/12*-40*12/(-5) is divided by f?
10
Let j(z) = 4*z**2 + 2*z - 9. Calculate the remainder when j(-4) is divided by 26.
21
Let g = 5 + -2. Suppose -l = -4, g*f - 3*l = -2*f + 13. Suppose -f*q = -3*c + 73, 2*q - 5*q + 17 = 2*c. What is the remainder when 63 is divided by c?
15
Suppose 6 + 8 = 2*o. Let k(x) = -x**3 + 3*x**2 + 4*x - 2. Let j be k(4). What is the remainder when o is divided by (-2)/(j*1/4)?
3
Let q = -8 + 27. Calculate the remainder when q is divided by 7.
5
Suppose 5*l = -5*x + 55, l = -4*x - 2*l + 39. Calculate the remainder when 23 is divided by x.
5
Let y(k) = k**3 - 3*k**2 + 6*k - 3. What is the remainder when 184 is divided by y(4)?
36
Suppose 5*x - 3*q - 22 = 68, 2*x = -q + 25. What is the remainder when 29 is divided by x?
14
Suppose -10 = -0*q - 5*q. Suppose 3*n - 23 = -2*c, q*c - 2*n = 3*n + 15. Suppose 0*s + s = 37. Calculate the remainder when s is divided by c.
7
Let z be (-138)/(-24) + 2/8. Calculate the remainder when 11 is divided by z/(-4)*24/(-9).
3
Let j(x) = -x**3 + 4*x**2 - 4*x + 2. Let z be j(2). Suppose v + z = 3*v. Calculate the remainder when 1 is divided by v.
0
Suppose 5*c = 3*b + 2, -5*b + c = 4*c - 42. What is the remainder when -1 + 1 + b/2 is divided by 2?
1
Let n = 41 - 10. Calculate the remainder when 91 is divided by n.
29
Suppose -5*x + l + 136 = 0, 4*l - 10 - 13 = -x. What is the remainder when x is divided by 14?
13
Let v = 8 + -1. Let y = -54 - -67. Calculate the remainder when y is divided by v.
6
Let u(n) = 14*n - 9*n - 2 - 6*n. Calculate the remainder when 7 is divided by u(-7).
2
Let m(s) = 3*s**2 - 7*s - 5. Let w be m(6). Suppose -5*x + w = -9. What is the remainder when 26 is divided by x?
12
Let t = 364 - 362. Suppose -z = -4*z + 48. Suppose 8 = -4*r - 4*m, 2*r + 5*m + 0*m = -z. What is the remainder when r is divided by t?
0
Suppose -4*s = -5*s + 9. Let j(z) = z**2 - 5*z - 8. What is the remainder when j(10) is divided by s?
6
Suppose 6 + 82 = 2*c. Let r(g) = 39*g - 183. Let d(x) = 3*x - 14. Let o(q) = 27*d(q) - 2*r(q). Calculate the remainder when c is divided by o(9).
14
Suppose -i = 5*p - 2*i - 7, -4*p + 5*i - 7 = 0. What is the remainder when (-2)/8 - 9/(-4) is divided by p?
0
Let g(c) = c**2 - 3*c - 1. Let n be g(-4). Let y = n + -2. What is the remainder when y is divided by 13?
12
Let y = -32 + 45. Let n = -20 + 28. What is the remainder when y is divided by n?
5
Suppose -f - 20 = -5*f. Let m(a) = -13*a + 4. Let s be m(-4). Suppose s = -0*j + 4*j. Calculate the remainder when j is divided by f.
4
Suppose 5*k + 0 = -5. What is the remainder when k/4 - 74/(-8) is divided by 5?
4
Let j(w) = w**2 - 5*w + 2. Let a(g) = 2*g**2 + 2*g - 4. Let k be a(-4). Suppose 3*s - k = -s. What is the remainder when j(6) is divided by s?
3
Suppose -76 = -3*u - 2*n, 3*u - 4*n + n - 96 = 0. Let a = u + -15. What is the remainder when 36 is divided by a?
10
Suppose 2*v = u - 5*u + 78, 3*v + 4*u - 109 = 0. Let a(y) = y**3 + 4*y**2 - 7*y + 1. What is the remainder whe